{"id":1012,"date":"2025-11-26T12:57:12","date_gmt":"2025-11-26T11:57:12","guid":{"rendered":"https:\/\/ioc.xtec.cat\/educacio\/?page_id=1012"},"modified":"2025-11-26T14:46:37","modified_gmt":"2025-11-26T13:46:37","slug":"estudis","status":"publish","type":"page","link":"https:\/\/ioc.xtec.cat\/educacio\/estudis\/","title":{"rendered":"Estudis"},"content":{"rendered":"<div class=\"estudi-grid\"><a class=\"estudi-item\" href=\"https:\/\/ioc.xtec.cat\/educacio\/estudis\/ges\/\"><strong class=\"estudi-title\">Graduat en educaci\u00f3 secund\u00e0ria (GES)<\/strong><img decoding=\"async\" class=\"estudi-thumb\" src=\"https:\/\/ioc.xtec.cat\/educacio\/wp-content\/uploads\/2025\/12\/Imatge-9.png\" alt=\"Graduat en educaci\u00f3 secund\u00e0ria (GES)\"\/><\/a><a class=\"estudi-item\" href=\"https:\/\/ioc.xtec.cat\/educacio\/estudis\/batxillerat\/\"><strong class=\"estudi-title\">Batxillerat a l&#8217;IOC<\/strong><img decoding=\"async\" class=\"estudi-thumb\" src=\"https:\/\/ioc.xtec.cat\/educacio\/wp-content\/uploads\/2025\/12\/Imatge-11.png\" alt=\"Batxillerat a l&#8217;IOC\"\/><\/a><a class=\"estudi-item\" href=\"https:\/\/ioc.xtec.cat\/educacio\/estudis\/assignatures-de-batxillerat-per-a-estudiants-de-centres-presencials\/\"><strong class=\"estudi-title\">Assignatures de batxillerat per a estudiants de centres presencials<\/strong><img decoding=\"async\" class=\"estudi-thumb\" src=\"https:\/\/ioc.xtec.cat\/educacio\/wp-content\/uploads\/2025\/12\/Imatge-1.png\" alt=\"Assignatures de batxillerat per a estudiants de centres presencials\"\/><\/a><a class=\"estudi-item\" href=\"https:\/\/ioc.xtec.cat\/educacio\/estudis\/cicles-formatius-de-formacio-professional\/\"><strong class=\"estudi-title\">Cicles formatius de formaci\u00f3 professional<\/strong><img decoding=\"async\" class=\"estudi-thumb\" src=\"https:\/\/ioc.xtec.cat\/educacio\/wp-content\/uploads\/2025\/12\/Imatge-10.png\" alt=\"Cicles formatius de formaci\u00f3 professional\"\/><\/a><a class=\"estudi-item\" href=\"https:\/\/ioc.xtec.cat\/educacio\/estudis\/eoi-ioc\/\"><strong class=\"estudi-title\">EOI IOC<\/strong><img decoding=\"async\" class=\"estudi-thumb\" src=\"https:\/\/ioc.xtec.cat\/educacio\/wp-content\/uploads\/2025\/12\/Imatge-5.png\" alt=\"EOI IOC\"\/><\/a><a class=\"estudi-item\" href=\"https:\/\/ioc.xtec.cat\/educacio\/estudis\/curs-de-preparacio-per-a-la-prova-dacces-a-cicles-de-grau-superior-pacfgs\/\"><strong class=\"estudi-title\">Curs de preparaci\u00f3 per a la prova d&#8217;acc\u00e9s a cicles de grau superior (PACFGS)<\/strong><img decoding=\"async\" class=\"estudi-thumb\" src=\"https:\/\/ioc.xtec.cat\/educacio\/wp-content\/uploads\/2025\/12\/Imatge-2.png\" alt=\"Curs de preparaci\u00f3 per a la prova d&#8217;acc\u00e9s a cicles de grau superior (PACFGS)\"\/><\/a><a class=\"estudi-item\" href=\"https:\/\/ioc.xtec.cat\/educacio\/estudis\/cursos-despecialitzacio\/\"><strong class=\"estudi-title\">Cursos d&#8217;especialitzaci\u00f3<\/strong><img decoding=\"async\" class=\"estudi-thumb\" src=\"https:\/\/ioc.xtec.cat\/educacio\/wp-content\/uploads\/2025\/12\/Imatge-8.png\" alt=\"Cursos d&#8217;especialitzaci\u00f3\"\/><\/a><a class=\"estudi-item\" href=\"https:\/\/ioc.xtec.cat\/educacio\/estudis\/preparacio-per-a-les-proves-dacces-a-la-universitat-pau\/\"><strong class=\"estudi-title\">Preparaci\u00f3 per a les proves d\u2019acc\u00e9s a la Universitat (PAU)<\/strong><img decoding=\"async\" class=\"estudi-thumb\" src=\"https:\/\/ioc.xtec.cat\/educacio\/wp-content\/uploads\/2025\/12\/Imatge-4.png\" alt=\"Preparaci\u00f3 per a les proves d\u2019acc\u00e9s a la Universitat (PAU)\"\/><\/a><a class=\"estudi-item\" href=\"https:\/\/ioc.xtec.cat\/educacio\/estudis\/formacio-pedagogica-i-didactica\/\"><strong class=\"estudi-title\">Formaci\u00f3 pedag\u00f2gica i did\u00e0ctica<\/strong><img decoding=\"async\" class=\"estudi-thumb\" src=\"https:\/\/ioc.xtec.cat\/educacio\/wp-content\/uploads\/2025\/12\/Imatge-7.png\" alt=\"Formaci\u00f3 pedag\u00f2gica i did\u00e0ctica\"\/><\/a><a class=\"estudi-item\" href=\"https:\/\/ioc.xtec.cat\/educacio\/estudis\/competic-3\/\"><strong class=\"estudi-title\">COMPETIC 3<\/strong><img decoding=\"async\" class=\"estudi-thumb\" src=\"https:\/\/ioc.xtec.cat\/educacio\/wp-content\/uploads\/2025\/12\/Imatge-3.png\" alt=\"COMPETIC 3\"\/><\/a><a class=\"estudi-item\" href=\"https:\/\/ioc.xtec.cat\/educacio\/estudis\/catala-per-a-joves-residents-a-lestranger\/\"><strong class=\"estudi-title\">Catal\u00e0 per a joves residents a l&#8217;estranger<\/strong><img decoding=\"async\" class=\"estudi-thumb\" src=\"https:\/\/ioc.xtec.cat\/educacio\/wp-content\/uploads\/2025\/12\/Imatge-6.png\" alt=\"Catal\u00e0 per a joves residents a l&#8217;estranger\"\/><\/a><a class=\"estudi-item\" href=\"https:\/\/miniops.ioc.cat\/\"><strong class=\"estudi-title\">Cursos oberts: projecte miniops<\/strong><img decoding=\"async\" class=\"estudi-thumb\" src=\"https:\/\/ioc.xtec.cat\/educacio\/wp-content\/uploads\/2025\/12\/Captura-de-pantalla-de-2025-12-02-16-04-19.png\" alt=\"Cursos oberts: projecte miniops\"\/><\/a><\/div>\n\n\n\n<p><\/p>\n","protected":false},"excerpt":{"rendered":"","protected":false},"author":1,"featured_media":0,"parent":0,"menu_order":0,"comment_status":"closed","ping_status":"closed","template":"","meta":{"_acf_changed":false,"_uag_custom_page_level_css":"","site-sidebar-layout":"default","site-content-layout":"","ast-site-content-layout":"default","site-content-style":"default","site-sidebar-style":"default","ast-global-header-display":"","ast-banner-title-visibility":"","ast-main-header-display":"","ast-hfb-above-header-display":"","ast-hfb-below-header-display":"","ast-hfb-mobile-header-display":"","site-post-title":"","ast-breadcrumbs-content":"","ast-featured-img":"","footer-sml-layout":"","theme-transparent-header-meta":"","adv-header-id-meta":"","stick-header-meta":"","header-above-stick-meta":"","header-main-stick-meta":"","header-below-stick-meta":"","astra-migrate-meta-layouts":"default","ast-page-background-enabled":"default","ast-page-background-meta":{"desktop":{"background-color":"var(--ast-global-color-5)","background-image":"","background-repeat":"repeat","background-position":"center center","background-size":"auto","background-attachment":"scroll","background-type":"","background-media":"","overlay-type":"","overlay-color":"","overlay-opacity":"","overlay-gradient":""},"tablet":{"background-color":"","background-image":"","background-repeat":"repeat","background-position":"center center","background-size":"auto","background-attachment":"scroll","background-type":"","background-media":"","overlay-type":"","overlay-color":"","overlay-opacity":"","overlay-gradient":""},"mobile":{"background-color":"","background-image":"","background-repeat":"repeat","background-position":"center center","background-size":"auto","background-attachment":"scroll","background-type":"","background-media":"","overlay-type":"","overlay-color":"","overlay-opacity":"","overlay-gradient":""}},"ast-content-background-meta":{"desktop":{"background-color":"var(--ast-global-color-4)","background-image":"","background-repeat":"repeat","background-position":"center center","background-size":"auto","background-attachment":"scroll","background-type":"","background-media":"","overlay-type":"","overlay-color":"","overlay-opacity":"","overlay-gradient":""},"tablet":{"background-color":"var(--ast-global-color-4)","background-image":"","background-repeat":"repeat","background-position":"center center","background-size":"auto","background-attachment":"scroll","background-type":"","background-media":"","overlay-type":"","overlay-color":"","overlay-opacity":"","overlay-gradient":""},"mobile":{"background-color":"var(--ast-global-color-4)","background-image":"","background-repeat":"repeat","background-position":"center center","background-size":"auto","background-attachment":"scroll","background-type":"","background-media":"","overlay-type":"","overlay-color":"","overlay-opacity":"","overlay-gradient":""}},"footnotes":""},"class_list":["post-1012","page","type-page","status-publish","hentry"],"acf":[],"uagb_featured_image_src":{"full":false,"thumbnail":false,"medium":false,"medium_large":false,"large":false,"1536x1536":false,"2048x2048":false},"uagb_author_info":{"display_name":"admin","author_link":"https:\/\/ioc.xtec.cat\/educacio\/author\/admin\/"},"uagb_comment_info":0,"uagb_excerpt":null,"_links":{"self":[{"href":"https:\/\/ioc.xtec.cat\/educacio\/wp-json\/wp\/v2\/pages\/1012","targetHints":{"allow":["GET"]}}],"collection":[{"href":"https:\/\/ioc.xtec.cat\/educacio\/wp-json\/wp\/v2\/pages"}],"about":[{"href":"https:\/\/ioc.xtec.cat\/educacio\/wp-json\/wp\/v2\/types\/page"}],"author":[{"embeddable":true,"href":"https:\/\/ioc.xtec.cat\/educacio\/wp-json\/wp\/v2\/users\/1"}],"replies":[{"embeddable":true,"href":"https:\/\/ioc.xtec.cat\/educacio\/wp-json\/wp\/v2\/comments?post=1012"}],"version-history":[{"count":2,"href":"https:\/\/ioc.xtec.cat\/educacio\/wp-json\/wp\/v2\/pages\/1012\/revisions"}],"predecessor-version":[{"id":1054,"href":"https:\/\/ioc.xtec.cat\/educacio\/wp-json\/wp\/v2\/pages\/1012\/revisions\/1054"}],"wp:attachment":[{"href":"https:\/\/ioc.xtec.cat\/educacio\/wp-json\/wp\/v2\/media?parent=1012"}],"curies":[{"name":"wp","href":"https:\/\/api.w.org\/{rel}","templated":true}]}}